he remainder when d is divided by 7?
5
Suppose 3*x + 0*v - 3*v - 45 = 0, 69 = 5*x - 3*v. Calculate the remainder when 42 is divided by x.
6
Let k(f) be the third derivative of -f**6/24 + 2*f**2. What is the remainder when k(-1) is divided by 3?
2
Suppose 0*c = -4*c + 220. Calculate the remainder when c is divided by 29.
26
What is the remainder when 213 is divided by 6*((-6)/(-7))/((-8)/(-14))?
6
Suppose 5*w - 82 - 33 = 0. What is the remainder when w is divided by 9?
5
Suppose 3*h + 20 = -h. Let l be (96/(-10))/4*h. Suppose -b + l = -8. What is the remainder when b is divided by 11?
9
Let z be 1 + 3/(3/10). Suppose -a = 10*a - 22. Suppose j = z + a. Calculate the remainder when 23 is divided by j.
10
Suppose 23*b - 21*b = 40. Calculate the remainder when 76 is divided by b.
16
Let f(u) = -u**2 - 2*u - 4. Let x be f(3). Let i = 27 + x. Calculate the remainder when 13 is divided by i.
5
Let u(t) = 0*t**2 - 2*t**2 + 8*t**2 - t**3 + 7*t - 8. Let p(i) = -i + 12. Let m be p(6). What is the remainder when u(m) is divided by 12?
10
Let x(i) = -i**2 - 7*i - 3. Let m be x(-6). Let j be 2 + -3 - m/1. Let t = 0 - j. Calculate the remainder when t is divided by 2.
0
Let d be 15/2*(-64)/80. Let a = 5 - d. Suppose 0 = -3*r - 2*r + 105. What is the remainder when r is divided by a?
10
Let n(v) = -5*v**3 - v**2 + v + 1. What is the remainder when 5 is divided by n(-1)?
1
Let x(t) be the first derivative of -t**4/4 - 11*t**3/3 + 6*t**2 + 3*t + 6. Calculate the remainder when 7 is divided by x(-12).
1
Suppose 0 = -4*y - 4*k + 136, -14 = -y + 3*k - 0*k. Calculate the remainder when 112 is divided by y.
25
Let k = -29 + 46. Calculate the remainder when 45/(-6)*(-40)/6 is divided by k.
16
Suppose -h - 87 = -3*m, 90 = 3*m + 3*h + 15. Let k = 10 + 0. Calculate the remainder when m is divided by k.
8
Suppose -3*o = 8 - 17. Let y be -3*(-1 - 43/3). Suppose p = -2*u + y, 0*p + 69 = o*u - 2*p. Calculate the remainder when u is divided by 13.
10
Suppose -29 = -3*c + 1. Calculate the remainder when 28 is divided by c.
8
Suppose -5*k - 4*s = -54, 3*s - 4 = -1. Suppose -36 = -2*l + k. Suppose -3*f = -28 - l. What is the remainder when f is divided by 9?
8
Let p = 96 - 66. Suppose 3 = -k + 4*f, -4*k = -4*f + 2*f - p. What is the remainder when 16 is divided by k?
7
Suppose 145 = 5*r - 0*r. Calculate the remainder when r is divided by 6.
5
Let o(g) = -g**2 + 9*g + 5. What is the remainder when 38 is divided by o(8)?
12
Suppose 0 = 4*a - 4, 4*i + a - 34 = i. What is the remainder when i is divided by 15/18 - (-39)/18?
2
Let h(i) = i**2 - 2*i + 27. What is the remainder when h(-11) is divided by 43?
41
Suppose -a - 76 = -5*q + a, -4*q + 68 = 2*a. What is the remainder when 45 is divided by q?
13
Let s(i) = i**2 - 5*i + 9. Suppose -10*a + 529 = -51. What is the remainder when a is divided by s(6)?
13
Let r(b) = -b - 4. Let l be r(-9). Suppose 205 + 135 = l*n. Calculate the remainder when n is divided by 10.
8
Suppose 0 = -n + 5*d + 12, -2*n - 5*d + 6 - 27 = 0. Let u = 6 + n. Calculate the remainder when 7 is divided by u.
1
Let m = 4 - -1. What is the remainder when (-8 + m)*(-11)/1 is divided by 12?
9
Suppose -2*h - 3*n = -n - 200, 3*h = -n + 308. Let q = -51 + h. Suppose 1 = 2*f + 9, -q = -3*y + 2*f. What is the remainder when 43 is divided by y?
13
Suppose -b + 0*b = -4. Suppose -i = -3*k + 23, -b*i - 2 = -k + 2. What is the remainder when 15 is divided by k?
7
Let g(d) = d**2 - 6*d + 3. Let k be g(6). Suppose 0 = -k*s + 8 + 4. Suppose 6 = -s*c - 2, -4*b - c = -186. What is the remainder when b is divided by 16?
15
Let h(v) = 5*v**2 + 2*v - 2. What is the remainder when h(-4) is divided by 18?
16
Calculate the remainder when 99 is divided by ((-2)/4)/((-1)/(-80)*-2).
19
Suppose 0 = -s + 22 + 6. What is the remainder when s is divided by 10?
8
Suppose -5*a + 3*y + 10 = -y, 2*a - 2*y - 4 = 0. What is the remainder when 7 is divided by a?
1
What is the remainder when (15/(-9) + 1)/((-6)/387) is divided by 16?
11
Let x = 44 + -19. Suppose -x = -3*p + 8. Suppose -2*l + 87 + p = 0. Calculate the remainder when l is divided by 17.
15
Let v(t) be the first derivative of 2*t**3/3 - 3*t**2/2 - 4*t + 1. Let i = 5 + 1. Calculate the remainder when v(4) is divided by i.
4
Let y = 0 + 10. What is the remainder when y is divided by (-1 - 1)/((-2)/6)?
4
Let p be 0 - 19*1/1. Let z = p - -46. Calculate the remainder when z is divided by 14.
13
Calculate the remainder when 0 + 6/6 - 133/(-1) is divided by 17.
15
Suppose -2*f + 36 = -5*f. Calculate the remainder when 15 is divided by f*((-6)/4)/3.
3
Suppose -53 - 58 = -3*o. Calculate the remainder when o is divided by 5.
2
Suppose -3*g + 31 = -2*u, -2*g = -u + 6 - 26. What is the remainder when 61 is divided by g?
7
Let m(i) = 5*i. Let b(h) = 14*h - 1. Let o(r) = -4*b(r) + 11*m(r). What is the remainder when 11 is divided by o(0)?
3
Let y(p) = -390*p - 1. What is the remainder when y(-1) is divided by 56?
53
Suppose m + 2*m = -27. What is the remainder when 95 is divided by (108/(-21))/(m/42)?
23
Suppose -4*h = h - 3*b - 162, 0 = -3*h + 4*b + 95. Calculate the remainder when (-1 - (-13)/((-39)/1176))/(-3) is divided by h.
32
Let s(y) = -y**3 - 15*y**2 - 12*y + 1. What is the remainder when s(-15) is divided by 26?
25
Suppose 0 = 6*y - 187 - 41. Let z = y - 25. Let b = -7 + 45. What is the remainder when b is divided by z?
12
Let r(f) = -4*f + 4. Let o be r(-3). Let k be o/(-2) - (5 - 7). What is the remainder when k/(-4) + 7/2 is divided by 3?
2
Let g(s) = 4*s - 20. What is the remainder when g(11) is divided by 14?
10
Suppose -c + 5*q + 14 = 0, 2*c - q - q = 4. What is the remainder when 16 is divided by 2/6*(19 + c)?
4
Let x(s) = s + 11. Let c be x(-8). Suppose -8 = -4*j + 2*j, 34 = 2*w + c*j. Let g = 0 - -43. Calculate the remainder when g is divided by w.
10
Let b(f) = -f**2 - 3*f + 8. Let m(i) = -4*i - 6. Calculate the remainder when m(-5) is divided by b(-4).
2
Let f = 13 - -40. Calculate the remainder when f is divided by 14.
11
Suppose 3*r = -160 - 23. Let q = r + 120. What is the remainder when q is divided by 20?
19
Suppose 5*r + 7 = 22. Suppose -f = -0*f + q, r*f + 5*q + 4 = 0. Suppose f = g - 12. Calculate the remainder when g is divided by 5.
4
Suppose 2*m + 32 = 2*d, 2*m = 5*d - 0 - 80. What is the remainder when 45 is divided by d?
13
Suppose 0 = -2*s - 5*a - 3, -5*s = -4*s - 5*a - 36. Calculate the remainder when 20 is divided by s.
9
Let b = -118 + 129. Calculate the remainder when 51 is divided by b.
7
Suppose 2*z + 8 = -2. Let r = 24 + z. What is the remainder when r is divided by 7?
5
Suppose -3*g - b = 2*b - 69, 31 = 2*g - 3*b. Let w(m) = -4*m + 6. Let a be w(-6). Let x = a - g. Calculate the remainder when 19 is divided by x.
9
Suppose -372 + 12 = -5*a. Suppose 12 = -5*n + a. Calculate the remainder when 22 is divided by n.
10
Suppose b + 7 + 3 = 0. Let p = -7 - b. What is the remainder when 5 is divided by p?
2
Let i be 0*4/12 - -67. Suppose -5*a + 5*k - i = -192, 0 = 5*a + 2*k - 160. Suppose 0 = -3*g + 20 + 13. What is the remainder when a is divided by g?
8
Let u(j) = -11*j**3 - j - 1. Calculate the remainder when u(-2) is divided by 23.
20
Let o be 2/(-3) - (-5)/3. Let h = 1 - o. Suppose 0 = -2*a - h*a + 34. What is the remainder when a is divided by 6?
5
Let a(n) = n**2 + 5*n + 4. Let r be a(7). Let q = r + -24. Let f = q + -32. Calculate the remainder when f is divided by 11.
10
Let o(x) = 2*x + 22. What is the remainder when 31 is divided by o(-8)?
1
Suppose 8*c - 4*i - 56 = 4*c, 5*c + 4*i - 115 = 0. Calculate the remainder when c is divided by 10.
9
Suppose -22 = -2*b - 2*y, b = -0*b + 4*y + 31. Calculate the remainder when b is divided by 6.
3
Let i = -32 + 42. Calculate the remainder when 39 is divided by i.
9
Let d = 25 + -12. Calculate the remainder when d*(2 + 3 + 0) is divided by 22.
21
Let n(u) be the first derivative of u**4/4 + u**3/3 + u**2/2 + 53*u - 1. Calculate the remainder when n(0) is divided by 28.
25
Let f(c) = 2*c. Let k(s) = s - 1. Let r(v) = 2*f(v) - 3*k(v). Calculate the remainder when 11 is divided by r(3).
5
Let i be (1/2)/(1/4). Let l be (-728)/(-39) + 4/(-6). Suppose g = -i*g + l. What is the remainder when 11 is divided by g?
5
Let n(l) = -2*l**3 - 6*l**2 + l**2 + l**3 - 4*l + 15*l. C